 = w + 17. Let a(b) = -b**3 + 3*b**2 - 4*b + 3. Calculate a(t).
-1
Let k(d) = -28*d - 16. Let i be k(-5). Let o be 2/8 - i/(-16). Suppose 5*y - o*y + 9 = 0. Let x(q) = -q**2 - 2. Give x(y).
-11
Suppose -2*f = -13 + 25. Let d(x) = -2*x**2 - 6. Let u(n) = n + 1. Let s(c) = f*u(c) - d(c). Let b = 7 + -3. Determine s(b).
8
Let a(r) = -5*r - 58. Let h = -958 - -945. Determine a(h).
7
Let v = -63 + 72. Let u(z) = -3 - 10 + v - z**2 - 8*z. What is u(-7)?
3
Let o(l) = -174 - l**2 - 169 + 342. Suppose -3*s + 2 = -s - b, 4*s + 2 = 5*b. Calculate o(s).
-5
Let y(b) be the first derivative of -b**3/3 + 3*b**2/2 + b - 14. Let g be y(3). Let i(w) = 7*w - 1. Determine i(g).
6
Let y be 3/((-2)/(-2)) - -2. Let m(d) = 2*d + 3*d**2 + d**3 - 6*d**2 - d**2 + y + 0. What is m(4)?
13
Suppose 5*k + m - 9 = 1, 3*k - 6 = m. Let i(f) = -2*f**k + 3*f**2 + 4 + 3*f**2 - 3*f**2. Give i(-3).
13
Let d(l) be the second derivative of l**5/20 + 5*l**4/4 + 13*l**3/6 + 11*l**2/2 - 159*l. What is d(-14)?
25
Let h be (8/(-28))/(9/(-126)). Let k(m) = m - 5. Calculate k(h).
-1
Let u(i) = -i**2 + 3*i - 1. Suppose 5*o + 45 = -0*o. Let j = -13 - o. Let v = j - -6. What is u(v)?
1
Suppose 0*v - g = 3*v + 8, g + 2 = -v. Let x = 54 + -27. Let s(k) = k + 40 - x - 16. Determine s(v).
-6
Let m(i) = -i**2 + 16*i. Let z be m(17). Let r be z/(-4) + (-9)/36. Let l(d) = -3 + 0 - r + 2*d - 3*d. Determine l(-7).
0
Let l(f) = -3*f + 2 - 8*f**2 - 6*f**2 + 8*f**2 + 5*f**2. Let q = -2 - 0. Give l(q).
4
Let b(i) = -7 + 0 - 3*i + 6 + 2 - 4 - 3*i**2. Calculate b(-2).
-9
Let o(k) = -7*k**2 + 2*k**2 + 6*k**2 - 4*k + 0*k**2 + 0*k**2 - 6. Give o(6).
6
Let w(d) = 21*d - 167. Let l be w(8). Let a(h) = -3*h**3 - 2*h**2 + 2*h. Determine a(l).
-3
Let i(v) = 2 - 4 + v**2 + 3*v - v. Suppose -28 = 16*l - 60. Calculate i(l).
6
Let w(d) = d**2 + 54*d + 437. Let a be w(-10). Let j(c) = c**3 + 5*c**2 + 7*c + 3. Determine j(a).
0
Let p(d) be the first derivative of -3*d**2/2 + 34*d - 23. Give p(9).
7
Suppose 0*g = -t - 4*g - 12, 5*g = t - 24. Let x(b) = -b**2 + 5*b - 5. Determine x(t).
-1
Let o = 517 + -508. Let l(t) = 5*t + 5. Let d(u) = -u. Let n(c) = -6*d(c) - l(c). Determine n(o).
4
Let t(u) be the second derivative of u**4/12 - 5*u**3/6 + u**2 + 6*u + 2. Determine t(5).
2
Suppose s - 2 = -2*w, 10*s + w = 5*s - 26. Let k(y) = -11*y - 6. What is k(s)?
60
Let l(i) be the first derivative of i + 20 - 2*i**2 - 5/3*i**3 + 1/4*i**4. Calculate l(5).
-19
Let n(x) be the third derivative of 0 - 12*x**2 + 0*x - 1/12*x**4 - 2/3*x**3 - 1/120*x**6 + 1/12*x**5. Determine n(4).
4
Let k(f) be the second derivative of -f**3/6 + 4*f**2 + 281*f. Calculate k(6).
2
Suppose -24 = -9*r - 6. Let i(j) = -r*j + 0*j + 1 - 2 - 3. What is i(-4)?
4
Let g(o) = -o**2 - o - 21. Let x(s) = 2*s - 3. Let n be x(6). Suppose n*k = 4*k. Give g(k).
-21
Let w(f) = -43*f**2 + 19*f**2 + 25*f**2 + 1. Let i be w(-1). Let o(n) = -5*n**2 + 2*n - 1. What is o(i)?
-17
Let w = 309 + -306. Let g(p) be the first derivative of -1/3*p**w + 4*p + 2 - 3/2*p**2. Determine g(-5).
-6
Let x(d) = 2*d**3 - 2*d**2 + 3*d. Suppose 0 = -g - a + 7, 5*a = -g + a + 19. Calculate x(g).
45
Let z(b) be the second derivative of -1/720*b**6 - 1/20*b**5 + 0*b**3 + 0 + 0*b**2 - 1/3*b**4 - b. Let q(t) be the third derivative of z(t). What is q(-6)?
0
Let y(i) = -i**3 + 12*i**2 - 11*i + 6. Suppose -4*f = -2*x + 6*x - 52, 0 = 5*f + x - 57. Give y(f).
6
Let i = -29 + 33. Suppose d = 3*t + 8 + 4, 0 = 4*d - i*t - 32. Let f(n) = n**2 - 5*n + 8. Give f(d).
14
Let y(x) be the first derivative of x**2/2 - 4*x + 141. What is y(9)?
5
Let w(i) be the second derivative of 0 + 53*i - 1/6*i**3 - i**2. Suppose 5*g + 3*r + 0*r = 28, 2*g + 4*r - 14 = 0. Give w(g).
-7
Let n(m) = -m**3 + 4*m**2 + 2*m - 4. Let z be 2151/21 + (-28)/(-49). Let x = z + -99. What is n(x)?
4
Suppose -v - 4 = 2*f, 0 = -4*f - 28 + 12. Suppose 0 = v*p - 16, -4*c + 0 + 4 = p. Let r(z) = 2*z + 2 + c - 2*z**2 - 4*z. Determine r(-2).
-2
Let s(i) = -i**3 - 5*i**2 + i + 1. Let y(l) = l**3 + l**2 - l. Let t(h) = s(h) + 2*y(h). Give t(-2).
-17
Let g(f) = -f**3 - 6*f**2 - 6*f + 7. Let b(p) = -p**3 - 7*p**2 + p + 2. Suppose 3*k - 35 = 8*k. Let m be b(k). Give g(m).
12
Let j(n) = -17*n + 12. Let f(p) = -p - 2. Let c(r) = 2*f(r) + j(r). Let l(v) = -29*v + 13. Let d(a) = 8*c(a) - 5*l(a). Determine d(-1).
6
Let c(q) = 3*q - 7. Suppose -5*g + 44 = 4*x, -27 = -0*g - 3*g - 3*x. Determine c(g).
17
Suppose 5 - 9 = -v. Let d be v - (-3 + 5 + -2). Let s(f) = f**2 - 4*f + 6. Give s(d).
6
Let l(k) = -5*k + 19 - 3 - 10 - k**2 + 0. What is l(-8)?
-18
Let y(z) = 28*z - 253. Let q be y(9). Let h(p) = 0 - p - 2 + 3. Let b(u) = 2*u**2 - u + 3. Let t(m) = q*b(m) + 2*h(m). Determine t(-2).
-7
Let u = -11 - -11. Let v(y) = y + y + u*y. Calculate v(-2).
-4
Let m(p) be the second derivative of p**3/3 + 3*p**2/2 + 22*p. Let y be 0/((-1 + 7)/3). Suppose -g + 13 = -5*u, -5*u = -y*u - 2*g + 16. Determine m(u).
-1
Let i(c) = 3*c**2 - 2*c - 1. Let a(n) = -n**2 + n. Let f(x) = 2*a(x) + i(x). Let q be (-96)/(-45) + -2 + 140/75. Give f(q).
3
Let y = -35 + 34. Let z(s) = -s**2 - s. Let f(n) = n**3 + 7*n**2 + 3*n - 1. Let t(l) = y*f(l) - 5*z(l). Calculate t(-3).
4
Let y(v) = -v**3 - v**2 + v + 9. Let t be y(0). Let c(f) = -2*f + 55. Let u(z) = -2*z + 38. Let k(s) = 2*c(s) - 3*u(s). Determine k(t).
14
Let i = -8 - -2. Let f(o) be the first derivative of o**3/3 + 3*o**2/2 + 2*o - 2. Let u(c) be the first derivative of f(c). What is u(i)?
-9
Let r(t) be the second derivative of 2*t**3/3 + t**2 + 20*t. Give r(-2).
-6
Let o = -898 - -882. Let z(m) = m**3 + 17*m**2 + 16*m. Determine z(o).
0
Let v(f) be the second derivative of -f**4/6 - f**3/2 - f**2 - f + 11. Give v(-5).
-37
Suppose -5*x = -6*x - 5. Let p(d) = -d**3 - 5*d**2 - d - 2. Give p(x).
3
Let x(f) = 2*f + 8. Let t(u) = -3*u - 15. Let h(w) = 3*t(w) + 5*x(w). Suppose -3*o = 2*o. Suppose 9*b - 5*b = o. Give h(b).
-5
Let v(t) = 2*t**3 + 4*t**2 + 13*t + 36. Let x(j) = -j**3 - 2*j**2 - 6*j - 16. Let h(n) = 3*v(n) + 7*x(n). Give h(-3).
14
Suppose -3*j = -3*s - 12, j + 4*s = -3 - 3. Let f(u) = -10*u**2 + 29*u + 27. Let a(b) = -7*b**2 + 21*b + 19. Let t(m) = -7*a(m) + 5*f(m). Determine t(j).
-6
Suppose 36*h = 33*h + 42. Suppose -2*i = -0 - 4, -5*w - h = -2*i. Let q(t) = t**3 + t**2 - 2. Determine q(w).
-6
Let w = 33 + -39. Let t = w + 8. Let d(m) = m**3 - 2*m**2 + 2*m - 2. Calculate d(t).
2
Let z(g) = 20*g + 1. Let d(n) = 5*n. Let m(r) = 9*d(r) - 2*z(r). Determine m(7).
33
Let v(w) = -238*w + 27 + 247*w - 14*w**2 + w**3 + 2*w**2. Give v(11).
5
Suppose -5*f + 0 = -5*a - 30, -3*a - 8 = 2*f. Let h(x) = -1 - 70*x + 62*x + f. Give h(-2).
17
Let m(u) = -u**3 - 4*u**2 + 10*u - 3. Let y be m(-6). Suppose f + y = 17. Let h(b) = b - 2. Determine h(f).
6
Suppose 152 - 156 = -a. Let p(m) be the second derivative of 1/6*m**3 - a*m - 7/10*m**5 + 0*m**2 + 0*m**4 + 0. What is p(1)?
-13
Let b(q) = q**2 + 4. Suppose 194 = -8*f + 154. What is b(f)?
29
Let v(d) be the second derivative of d**4/12 + 5*d**3/6 + 5*d**2 + 10*d. Let m be 429/(-65) - (-2)/(-5). Determine v(m).
24
Let p(t) = -2*t + 4. Let l(c) = 2*c - 5. Let m(z) = 5*l(z) + 6*p(z). Determine m(3).
-7
Let q(o) = 2*o - 9. Let i(y) = 3*y - 9. Let d(z) = -3*i(z) + 4*q(z). Calculate d(0).
-9
Let i(p) be the third derivative of -p**4/8 + p**3/2 + 2*p**2. Suppose 2*z + 0*z - 3*h - 15 = 0, 2*h - 11 = -z. Let w = z - 7. Give i(w).
-3
Let r(p) = -6*p**3 - p**2 + 2*p + 2. Let x be (3 + 1)*-2*(-3)/(-12). Calculate r(x).
42
Let r(i) be the third derivative of -i**5/60 + i**4/4 - 4*i**3/3 + 7*i**2 - 4*i. Give r(6).
-8
Let s be (-1)/(-1 - 0)*-2. Let x(l) = l**3 - 13*l**2 + 14*l - 16. Let r be x(12). Let v(c) = 0*c + 1 - 6*c - r*c + 12*c. Give v(s).
5
Suppose 0 = 3*d - 4*g + 23, 2*d - 4 - 14 = -4*g. Let i(u) = -4*u**3 + 2*u**2 - 3. Let o(h) = -2*h**3 - h**2 + 2. Let s(j) = -i(j) - o(j). Calculate s(d).
-6
Let u(i) = i - 2 - i**2 + 5*i**3 - 4*i**2 - 4*i**3. Let p be u(5). Let d(r) = 9*r**2 + 2 + 2*r**2 - 2*r - 10*r**2. What is d(p)?
5
Let j(k) = k**3 + 1. Let u(r) = -4*r**3 - 6*r**2 - r - 2. Let o(y) = -5*j(y) - u(y). Calculate o(6).
3
Let h(f) = -f**3 - 5*f**2 + 8*f + 3. Let g = 25 - 21. Suppose 0 = -g*m + j - 22, -3*j = -j + 4. Determine h(m).
-9
Let o(c) = c**2 - 7*c - 3. Let b be o(8). Suppose 14 = b*u + 4. L